he prime factors of n.
2, 3
Suppose 3*f + 12 = 5*t, 2*t - 10 = -6*f + 2*f. What are the prime factors of (t/9)/((-1)/(-6))?
2
Suppose m = 4*j + 2*m - 37, -57 = -4*j - 5*m. List the prime factors of j.
2
Let x = 137 + -96. List the prime factors of x.
41
Let r(k) = k**3 + 6*k**2 - 3*k - 3. Let w(z) = z**2 - z - 1. Let y be w(1). Let c be 23/(-4) - y/(-4). List the prime factors of r(c).
3, 5
Let z(w) = w**3 - 4*w**2 - 3*w - 5. Let m be z(5). Let i = m - 2. What are the prime factors of i?
3
Suppose -3*d - 20 = -2*i + i, -3*d = 3*i - 12. What are the prime factors of i?
2
Let d(f) = 35*f - 11. Let c be d(6). Suppose 4*q + 2*x - 150 = 84, -4*q + 5*x + c = 0. List the prime factors of q.
2, 7
Suppose 0 = 3*c - 4*v - 31, 2*c = v - 2*v + 6. Suppose 36 - 216 = -c*s. What are the prime factors of s?
2, 3
Let u(p) be the third derivative of 1/6*p**3 + 0 - 2*p**2 + 1/12*p**4 + 0*p. List the prime factors of u(5).
11
Let v(w) = w**2 - 10*w + 12. Let f(s) = s + 1. Let y(z) = 3*f(z) - v(z). List the prime factors of y(12).
3
Suppose 2*p + 52 = 2*u + 4*p, -3*u - 5*p = -82. Let a = u + -11. List the prime factors of a.
13
Let g = -33 + 54. List the prime factors of g.
3, 7
List the prime factors of (-2)/(-9) - -1636*(-2)/(-18).
2, 7, 13
Let m(o) = 3*o - 6. Let n = -2 - -3. Suppose n - 9 = -2*x. What are the prime factors of m(x)?
2, 3
Let v(l) = -l**3 + 4*l**2 + 7*l - 7. List the prime factors of v(5).
3
Let p = -10 - -26. Suppose -6*g = -2*g - p. What are the prime factors of g?
2
Let s = 14 - 18. List the prime factors of s/24 + (-49)/(-6).
2
Suppose 5*i = 4*b + 16, -2*b - 1 = -5*i + 7. Suppose i = s + 3*s - 80. Let p = -6 + s. What are the prime factors of p?
2, 7
Let v be (-1)/(-2) + (-55)/(-10). Let q(o) = 3*o - 4. List the prime factors of q(v).
2, 7
Let m = -9 + 9. What are the prime factors of m/5 - (-25 + 1)?
2, 3
Let d(m) = -3*m + 6. Let v be d(4). Let k be v/(-2) - (-2)/2. Suppose -k*f - 3*g + 42 = 11, 0 = -4*f - 5*g + 25. What are the prime factors of f?
2, 5
Let j = -5 + 7. Suppose j*s - 5*p - 79 = 0, 4*p = 2*s - 7*s + 148. List the prime factors of s.
2
Let w be (-225)/(-10) + (-2)/4. Suppose 2*p + 8*u - 4*u - w = 0, -3*u = -4*p + 66. What are the prime factors of p?
3, 5
Let y(l) = 6*l**2 - 8. List the prime factors of y(4).
2, 11
Suppose 4*a - 9 = v + 25, 3*a + 4*v = 16. Suppose -26 = -3*l - 11, 3*c = 4*l - a. List the prime factors of c.
2
Suppose -4*s - 13 = 19. Let r(o) = o**2 + 4*o - 6. What are the prime factors of r(s)?
2, 13
Let h(m) = 0*m + m + 5*m + 4. Let f be h(4). List the prime factors of (-2)/3 + f/6.
2
Let q be (-2 - 1*-4) + -3. List the prime factors of (-1)/((3/18)/q).
2, 3
Let f = 45 - 24. Suppose -2*x - 18 = -0*x. Let g = f + x. What are the prime factors of g?
2, 3
Suppose 2*z + 41 = 5*w, 3*z + 12 = w + w. List the prime factors of w.
3
Let y be 3 + -4 - (-5 + 2). List the prime factors of -7*(-12)/8*y.
3, 7
Let i(f) = -f**3 + 12*f**2 - 12*f - 10. What are the prime factors of i(10)?
2, 5, 7
Let d(o) = 2*o + 7. Let m be d(-4). List the prime factors of 2/m + 17 - 1.
2, 7
Let l(w) = w + 10. Let j be l(8). Let r = 46 - j. List the prime factors of r.
2, 7
Suppose -106 = -2*v + 2*p + 34, -190 = -3*v - p. What are the prime factors of v?
5, 13
Let g be (-1)/1 + 3*10. Suppose -c + 5*i + g = 0, 20 = -3*i + 5. Suppose -2*p = c*k - 44, -19 = -5*k - 4. What are the prime factors of p?
2
Let s(u) = -5*u - 1 - 5 + 3. Suppose -2*v + 1 - 5 = 0. List the prime factors of s(v).
7
Let k(o) = o**3 - 6*o - 1. Let b(t) = -t**3 + 5*t + 1. Let p(c) = 4*b(c) + 3*k(c). Let w be p(-2). Let g = w + -2. List the prime factors of g.
3
Suppose -2 - 2 = -2*n. Suppose 0 = -n*v - 0*v. Suppose -3 = -v*c - c. List the prime factors of c.
3
Let u be (2/(-4))/(3/(-30)). Suppose 5*o - 211 = -4*h, -3*o + 58 = -u*h - 76. What are the prime factors of o?
43
Suppose 2*l + 0*l = 14. What are the prime factors of l?
7
Let i(y) = 2*y**2 - 5*y + 2. What are the prime factors of i(4)?
2, 7
Suppose -20*k - 121 = -21*k. What are the prime factors of k?
11
Suppose 0 = 3*j - 17 - 22. Let w = 18 - j. Suppose w*p - 33 = -8. What are the prime factors of p?
5
Let b(x) = x**2 - 6*x + 15. List the prime factors of b(11).
2, 5, 7
Suppose 4*l + 4 = 2*l. Suppose -2*i - 3*i + h = -21, 0 = -5*i - h + 19. List the prime factors of 1 + l - (-15 + i).
2, 5
Suppose 2 = 5*d - 4*d, 3*d = 4*x - 6. Let r(m) = m**2 - 4*m - 1. Let z be r(-3). Suppose 4*y = -4*u + 4 + z, x*u = 4*y - 31. What are the prime factors of y?
7
Let s(n) = 11*n + 35. What are the prime factors of s(15)?
2, 5
Let u be 1/(-1) - (5 + -204). Suppose 6*n - b = n + u, -n + 4*b = -32. List the prime factors of n.
2, 5
Let t(u) = u**3 + 9*u**2 - 12*u - 2. What are the prime factors of t(-10)?
2, 3
Let r(p) = -p**2 + 5*p - 2. Let f = 1 + 2. List the prime factors of r(f).
2
Suppose 2*i - 7*i + 95 = 0. What are the prime factors of (7 - i)*(-1 + 0)?
2, 3
Let g(a) = -10*a. Let n(d) = d**2 + d - 1. Let s be n(1). Suppose 0 = 2*k + 3 - s. List the prime factors of g(k).
2, 5
Suppose d - 19 + 0 = 0. List the prime factors of d.
19
Let o(d) = 6*d**2 + 7 - 5*d - d + d - d**3 + 2*d. List the prime factors of o(5).
17
Suppose -2*g = 5*o - 44, -4 = -g - 0*g + 2*o. Suppose g = 3*t - t. What are the prime factors of t?
2, 3
Suppose -d = g - 2*d + 19, -5*g - 2*d - 60 = 0. Let v(z) = -z**3 - 14*z**2 - 2*z + 13. List the prime factors of v(g).
41
Let j(x) = 280*x**2 - 5*x + 6. What are the prime factors of j(1)?
281
Let s(g) = -6*g**2 + 14*g + 6. Let o(x) = 5*x**2 - 14*x - 6. Let q(u) = 7*o(u) + 6*s(u). What are the prime factors of q(-6)?
2, 3, 7
Suppose 4*m = 15 + 101. Suppose -v + m = 4*s, -2*s - 7 = v - 7*s. What are the prime factors of v?
13
What are the prime factors of (333/18)/(1/8)?
2, 37
Let p = 15 - 9. Let s = -2 + p. Suppose w - 23 = s*k, 5*w - 5*k - 44 = 11. List the prime factors of w.
7
Suppose 15 = 3*s, s = -f - 2*s + 20. What are the prime factors of (-98)/(-5) + 2/f?
2, 5
Let q(l) = 21*l - 1. What are the prime factors of q(2)?
41
What are the prime factors of -1 - (-15)/10 - (-143)/2?
2, 3
Suppose 0 = 5*x - 7*x - 2. Let n be 113/2 - x/2. Suppose -6*u + n = -3*u. List the prime factors of u.
19
Let c be 3 + -1 + (2 - 7). List the prime factors of (-6)/(-2)*(-4)/c.
2
Let d(s) = 2*s + 6. Let u be d(6). Suppose -29 = -p + k, -51 = -5*p + 3*p - 5*k. Let l = p - u. What are the prime factors of l?
2, 5
Suppose v = -2*v. Suppose -3*j = -9, -x - 5 = -v*j - j. List the prime factors of x/(-9) - 129/(-27).
5
Let a = -5 - -8. Suppose 7*q + 41 = 5*n + a*q, 0 = -q - 4. Let z = n + 1. What are the prime factors of z?
2, 3
List the prime factors of (2140/30)/((-2)/(-3)).
107
Suppose -3*f = -7*f + 152. List the prime factors of f.
2, 19
What are the prime factors of (-1240)/(-52) + (-2)/(-13)?
2, 3
Suppose 3*w - 38 = -w - 2*p, w = 3*p + 20. List the prime factors of w.
11
Let v be -1*(4 + -2 - 37). Suppose -n - 175 = 4*n + 3*r, n - 3*r + v = 0. Let s = n - -51. What are the prime factors of s?
2
Let j be 6 + (-3)/((-9)/(-6)). Suppose -4*x + 3*x - 5*m = -15, j*m - 41 = 5*x. Let r = 17 + x. List the prime factors of r.
2, 3
Suppose -5*g + 228 = -a, -a + 174 = 4*g - 6*a. List the prime factors of g.
2, 23
Suppose -3*v - v + 136 = 0. Let p(q) = q**2 + 10*q + 6. Let g be p(-10). What are the prime factors of v*(-1 + g/4)?
17
Suppose 22*r = 19*r + 252. What are the prime factors of r?
2, 3, 7
Let u(b) = -b**2 + 7*b - 10. Let o(m) = m**2 - 7*m + 11. Suppose -3*p + 2*p + 7 = 0. Let w(a) = p*u(a) + 6*o(a). List the prime factors of w(5).
2, 3
List the prime factors of 2 - -1*(-248)/(-4).
2
Suppose 2*t = -0*t. Suppose -w + t = -2. Suppose -4 = w*i - 24. List the prime factors of i.
2, 5
Suppose -1 = -3*b + c - 3, -7 = -2*b - c. Let p = b + -1. Suppose 2*l - 4 - 2 = p. What are the prime factors of l?
3
Let n be 2/8 - 1/4. Suppose -r = -n*r - 4. Suppose 7 = 3*i + s, r*i = -0*i + 3*s + 31. List the prime factors of i.
2
Suppose -4*t = 1 - 9. What are the prime factors of 1*2/t*36?
2, 3
Suppose 4*b - 161 = 3*x - 2*x, -4*b - x + 159 = 0. What are the prime factors of b?
2, 5
Suppose 3 = -u - 2*u, -335 = -4*s - u. List the prime factors of ((-18)/21)/((-2)/s).
2, 3
Let m = -9 - -2. Let d = -5 - m. List the prime factors of d.
2
Let d be 6/4*(-56